82 = -r. Let y(w) = 8*w**2 - 6*w + 10. What are the prime factors of y(p)?
2, 3, 19
Let c(j) = 90*j**2 - 31*j + 19. Let n be c(19). Suppose n = 28*z + 7*z. List the prime factors of z.
2, 3, 19
Suppose -3*d + 4*b = 26, -7*b = 5*d - 5*b. Let o(t) = 26*t**2 + 1. List the prime factors of o(d).
3, 5, 7
Let o(h) = -h**3 + 10*h**2 - 8*h + 4. Let i be o(9). Let r(t) = -t**2 + 17*t + 18. Let p be r(i). Let m = 25 + p. List the prime factors of m.
5, 19
Suppose 140*h - 150*h = 4020. What are the prime factors of (-1)/(6/h) - (-10)/2?
2, 3
Let m(n) = 2*n**3 - 3*n**2 + 3*n - 5. Let s be m(2). Suppose -s*p - 140 = -10*p. Suppose u + 3*c = p, 3*c - 84 = -u - 2*u. What are the prime factors of u?
2, 7
Suppose 4*y + 8 = 4*u + 24, -4*u = -3*y + 14. Suppose -y*a - 14 + 2 = 0. Let m(n) = 2*n**2 + 7*n + 3. List the prime factors of m(a).
3, 11
Suppose 4 + 3 = -l. Let h(c) = -23*c - 33. What are the prime factors of h(l)?
2
Let m = -784 - -1116. Suppose -8*p = 415 - 5503. Let l = p - m. List the prime factors of l.
2, 19
Suppose -2729 = -2*i + 15421. What are the prime factors of i?
3, 5, 11
Let p(o) = -11*o - o**2 + 22*o - 51 + 32*o. What are the prime factors of p(23)?
409
Let q(m) be the third derivative of -2*m**4/3 + 29*m**3/3 + m**2 + 22. What are the prime factors of q(-5)?
2, 3, 23
Let d be (5/15)/(1/(-4))*-69. Let j be d/((-15)/10 + 2). Suppose 0 = -5*a + b - 3*b + j, -3*b - 9 = 0. List the prime factors of a.
2, 19
List the prime factors of (36 + -35 + -4)*(-1 + -4199).
2, 3, 5, 7
Let z = -91 + 93. Suppose f - 483 = -h, 472 = z*h + f - 491. Suppose -22*u + 19*u = -h. What are the prime factors of u?
2, 5
Let d = 26 - 14. Let z be -7 + 2 - -15*77/21. Let y = d + z. List the prime factors of y.
2, 31
Let h = -252 + 550. Suppose u - 2 = h. Suppose -27*q = -23*q - u. What are the prime factors of q?
3, 5
Suppose 6*y = 2*y + 20, 0 = -r + 2*y + 372. Let k = r + 114. List the prime factors of k.
2, 31
Suppose -28*c = 1060 - 1900. What are the prime factors of c?
2, 3, 5
Let m(i) = 53*i**2 - 15*i - 27. Let g be m(-7). Suppose -1348 = -q + 3*c, 7*q - 9*q = c - g. List the prime factors of q.
13, 103
What are the prime factors of (-6 + 1 - -94)/((-7)/(-1113))?
3, 53, 89
Let v be 2/7 + (-47)/(-7). Let t(p) = -3*p + 16. Let d be t(v). Let k(b) = -b**3 - 8*b - 21. What are the prime factors of k(d)?
2, 3
Suppose 0 = -5*n - 11 + 236. Let i = n + -40. Suppose i*l = 8*l - 57. List the prime factors of l.
19
Let j(d) = d**2 + 9*d + 6. Let s be j(-8). What are the prime factors of (-6796)/(-36) + s + (-4)/(-18)?
11, 17
Suppose -10994 = 64*c - 55474. List the prime factors of c.
5, 139
Suppose -10*k - 107724 = -28*k + 274416. What are the prime factors of k?
2, 5, 11, 193
Suppose -i - 32*k = -27*k - 7, -3*i + 7 = k. Let f = 130 - i. What are the prime factors of f?
2
Let m(o) = 4*o**2 + 15*o + 11. Let r be m(-3). List the prime factors of r/10 - 3024/(-80).
2, 19
Let n(d) = -4*d - 185. Let b(u) = u + 37. Let x(t) = -11*b(t) - 2*n(t). Let h be x(-14). Suppose 85 = h*g - 2*k, 2*k - 3 = 7. What are the prime factors of g?
19
Let w = 72 - 69. Let u be 1 + (-9)/w + 10/2. Suppose -9*l + u*l = -1386. List the prime factors of l.
3, 7, 11
Let w(q) = 4*q**3 - 12*q**2 - 9*q + 8. Let d(u) = 5*u**3 - 11*u**2 - 10*u + 9. Let f(z) = 3*d(z) - 4*w(z). List the prime factors of f(10).
3, 5, 37
List the prime factors of (24445 + 11 - 15)*2/6.
8147
Let d = -652 + 699. Suppose -d*n = -21*n - 26442. What are the prime factors of n?
3, 113
Let g(w) = -2*w + 6. Let c be g(4). Let t(m) be the second derivative of -8*m**3 - 5*m**2/2 + 2*m. List the prime factors of t(c).
7, 13
Let x(h) be the third derivative of 5*h**6/12 + h**4/24 + h**3/3 - 16*h**2. Let s be x(-1). Let d = 67 + s. What are the prime factors of d?
2, 3
Let j(x) = -10350*x - 1410. List the prime factors of j(-2).
2, 3, 5, 643
Suppose 28*t - 108 = t. Suppose -2*u = 2*a - 4 - t, 3*a - 4 = u. What are the prime factors of a?
2
Suppose g - 6 = -g. Let z(s) be the second derivative of s**5/10 + 5*s**4/12 - s**3/3 - s**2 + 16*s + 3. List the prime factors of z(g).
7, 13
Let z = -261 + 9238. List the prime factors of z.
47, 191
Let p(z) = 4274*z**2 + 48*z + 83. What are the prime factors of p(-2)?
11, 1553
Let d = 59920 - -1944. What are the prime factors of d?
2, 11, 19, 37
Suppose 4*b - 231550 = 2*d, 201*d + 347334 = 6*b + 199*d. List the prime factors of b.
2, 41, 353
Suppose -95*x = 44*x - 10001328. List the prime factors of x.
2, 3, 1499
What are the prime factors of ((-64)/20)/((-2*1/94)/5)?
2, 47
Let s = -15 - -19. Suppose -s*k = -3 - 1. Suppose -2*n + k = -9. List the prime factors of n.
5
Suppose 1207915 = 74*h - 73173. List the prime factors of h.
2, 541
List the prime factors of (-9 + 6396)*6 + (-8)/2.
2, 7, 17, 23
Let u = 127 - -33. List the prime factors of (-128)/u*(-2215)/2.
2, 443
Suppose -41 = -4*a - 5. Let s(d) = -d + 11. Let n be s(a). Suppose -4*w = -2*w + n*p - 214, 0 = -3*w - 4*p + 323. What are the prime factors of w?
3, 5, 7
Suppose -3*d - 7 = -u, -4*u - 99*d + 102*d = -64. Let m(t) = -30*t + 10. Let s be m(-7). Suppose u*j - s = 14*j. What are the prime factors of j?
2, 11
Suppose 0 = -2*o + 71 + 91. Suppose -4 + o = 11*v. List the prime factors of v/(126/4) - (-1472)/18.
2, 41
Let l = -106 + 115. Suppose -k + 2 + 0 = 0. Suppose k*s = l*s - 266. List the prime factors of s.
2, 19
Suppose 97568 - 9557 = 63*c. What are the prime factors of c?
11, 127
Let r(a) be the first derivative of -4*a + 11/2*a**2 + 1/4*a**4 - 10/3*a**3 - 7. What are the prime factors of r(9)?
2, 7
Let f(d) = -440*d - 1767. Let g be f(-4). Let a(r) = -27 - 4 + 1 - 42*r. What are the prime factors of a(g)?
2, 3, 11
Let v = -8752 + 14895. What are the prime factors of v?
6143
Suppose 144*t = 34*t + 48840. List the prime factors of t.
2, 3, 37
Suppose j + 4*y - 28 = -3*j, 3*j + 14 = 4*y. Suppose -2*h + 5*n = h - 8, 0 = -2*h - j*n. What are the prime factors of ((-1)/h)/(-2) + (-1791)/(-18)?
2, 5
Suppose -2*k + 15954 = 7*w - 2*w, -39885 = -5*k + 2*w. What are the prime factors of k?
3, 2659
Suppose -4*s = -2*w - 5 - 5, -2*w = 5*s - 8. Let o be (-1)/s*-1 - (-249)/2. Suppose o = 3*m - 5*q, 10*q - 9*q + 39 = m. List the prime factors of m.
5, 7
Let v(r) = -27*r + 7. Suppose 0*b = 6*b. Suppose 6*y + 6 + 54 = b. List the prime factors of v(y).
277
Let g(x) = x**2 - 166*x + 10822. List the prime factors of g(0).
2, 7, 773
Suppose -9*x = 196 - 1123. Suppose 2*y - x = 2*w + 535, 957 = 3*y + 5*w. What are the prime factors of y?
11, 29
Let g = 27 + -66. Let f = 107 + g. Suppose -4*z - 4*u = -f, 3*z + u - 56 = 1. What are the prime factors of z?
2, 5
Let p = -4363 - -2833. Let z = p - -3089. List the prime factors of z.
1559
Let q(y) = -85*y + 40. Let g be q(11). Let m be 3/27 - g/45. Suppose -m*c = -9*c - 1309. What are the prime factors of c?
7, 17
Suppose 0 = -584*d + 571*d - 14599. Let q = 2631 + d. What are the prime factors of q?
2, 13, 29
Let x be (3/(-12))/((-94)/(-24) - 4). Suppose -5*s + 25 = 0, t + 3*s - 5863 = -x*t. List the prime factors of t.
2, 17, 43
Let p be (-38 - (0 - 2))*(-351)/6. Suppose 0 = -5*y + 14*y - p. List the prime factors of y.
2, 3, 13
Let i(l) = 6029*l + 2462. What are the prime factors of i(7)?
5, 8933
Let j be 9/3 + 1 + -3 + 2. Let s be 1/(j/337) - 12/36. Let v = s - 62. List the prime factors of v.
2, 5
Let j(s) be the first derivative of s**3 + 58*s**2 + 95*s + 43. What are the prime factors of j(-48)?
1439
Let t = -182 - -115. Let p = t + 107. What are the prime factors of p?
2, 5
Let d(w) = 4*w**2 + w - 1. Let t be d(1). Suppose -t*f + 68 = -228. Let a = -12 + f. List the prime factors of a.
2, 31
Let c(z) = -32*z - 29. Let d be ((27/(-2))/(-9))/(2/20). Suppose 5*i - 15 = 0, 5*i - 10 = 2*x + d. List the prime factors of c(x).
131
Let p(n) = 16*n + 19. Let a be p(-1). What are the prime factors of 5540/a + (-14)/21?
2, 13, 71
Let u(q) = -334*q + 1053. What are the prime factors of u(-15)?
3, 43, 47
Let s(r) = -3*r**3 - 3*r**2 + 14*r - 21. Let f be s(7). Let n = f + 1939. What are the prime factors of n?
2, 3, 5, 7
Suppose i = 3*d - 61, d + i = -0*d + 15. Let p = 19 - d. Suppose 5*q + 3*r = 286, p = -2*q + 5*r + 135 - 33. What are the prime factors of q?
2, 7
Suppose 0 = -5*z - u + 179, -4*u = 2*z - 0*u - 68. Let b